0
Let n = -1214 + 1994. Calculate the highest common divisor of 1365 and n.
195
Let i be ((-15)/(-25)*77)/(6/70). Calculate the highest common factor of 55 and i.
11
Let f(v) = 3*v**2 + 9*v + 6. Let g be f(-6). Let j = 160071 - 160047. What is the highest common divisor of g and j?
12
Let k be ((-4)/3)/((-8)/36*1). Let g be -3 - 3/(k + (-2628)/436). What is the greatest common divisor of 1484 and g?
106
Suppose -2*q + 5*q = -2*t - 8, -4*t = -q - 12. Suppose 6*a - 4*o = t*a + 220, -5*o = -25. What is the greatest common divisor of a and 45?
15
Let p be (-36)/(-8) + 6/(-4). Suppose -2*o - 3*o - 27 = -4*i, -3*i = 4*o + p. Let q be i + 138 + 7 + -4. Calculate the highest common factor of 16 and q.
16
Let z be (-171)/456 - 1373/8. Let t = -82 - z. Calculate the highest common factor of 120 and t.
30
Let x(b) = b**2 - 6*b + 4. Let y be x(6). Suppose -f + 5*t - 7*t + 23 = 0, -5*t + 101 = y*f. What is the highest common divisor of 493 and f?
29
Let f be 10/20 + 6/(-12). Let n be (f - -1)/(2 + (-378)/192). What is the greatest common divisor of 20 and n?
4
Suppose 0 = 2*h + 4*r - 165 - 1935, -4*h = -3*r - 4145. Calculate the greatest common factor of h and 240.
80
Let t be 58 + (-1)/(8/(-64)). Let w be (57/3)/(t/(-18) + 4). What is the greatest common factor of w and 3?
3
Let a = 20 + -23. Let g be ((-9)/3)/(a/45). Suppose 10*t + 3*m + 729 = 12*t, -5*t + 1812 = -4*m. What is the highest common factor of t and g?
45
Let o be -2*(8 - -6)*(1 + -2). Let g be o + -1 + 0/(2 + -9). What is the highest common factor of 36 and g?
9
Let k be ((-620)/(-15))/((-2)/(-3)). What is the highest common factor of k and 6386?
62
Suppose -3*u - 558 = 5*a, -2*u - 368 = -0*u + 2*a. Let w = -136 - u. Let k(r) = -r**2 - 7*r - 1. Let b be k(-5). What is the highest common factor of w and b?
9
Let o(b) = -30*b - 32*b + 59*b - 18. Let z be o(-5). Let n be (-26 + 2)/z + 0/1. Calculate the highest common factor of n and 8.
8
Let x be (-6)/(-2) - (-1 - -144)/13. Let h be (-111)/148 - 182/x. What is the greatest common factor of h and 66?
22
Suppose -5*y - 2*p = -86, -108*y - 17 = -110*y + 5*p. What is the highest common divisor of 1028 and y?
4
Let j be (-418)/33*(-3)/2. Suppose 3*n = j*n - 16. What is the highest common divisor of n and 1?
1
Let y(h) = h**2 - 15*h - 167. Let r be y(23). Calculate the greatest common factor of r and 8.
1
Suppose 94 = -3*k - 20. Let f = 63 + k. Let v(s) = -s**3 + 4*s**2 - 7116*s + 21344. Let j be v(3). What is the greatest common factor of f and j?
5
Let g be (-48)/20*6165/(-27). What is the highest common divisor of g and 11234?
274
Suppose 8*m = -215 + 151. Let k be m*(8/44 + 295/(-110)). Suppose -4*a + 0*a = -20. What is the greatest common factor of k and a?
5
Let t be 4 + -5 + (-36 - (1 + -68)). Let h(u) = -u**2 - u + 20. Let x be h(0). Calculate the highest common factor of x and t.
10
Let o be (-3 - -5)/(((-7)/(-4 - 276))/2). What is the greatest common factor of o and 370?
10
Let f(i) = 28*i - 515. Let b be f(19). What is the highest common divisor of 3043 and b?
17
Let w(y) = 4*y + 10. Suppose 14 = 5*k + 2*k. Let s be w(k). Let x be (126/56)/((-1)/(-24)). What is the highest common factor of x and s?
18
Suppose 4*o = 6*o - 2. Suppose 0 = 3*u + j - 376, -622 = -3*u - 2*u + 3*j. Let h be u/20 + o*(-1)/4. What is the greatest common factor of 4 and h?
2
Suppose 0 = 8*u - 387 - 605. Calculate the highest common factor of 155 and u.
31
Let f = -7503 + 10996. Calculate the greatest common divisor of f and 7.
7
Let x be (2/4)/(5/(-200)). Let o be 32/5 + 8/x. Let q(w) = 195*w + 798. Let b be q(-4). Calculate the greatest common divisor of b and o.
6
Suppose 1462*l = 1432*l + 480. Calculate the greatest common divisor of 512 and l.
16
Let f(w) = w**3 - 72*w**2 + 145*w - 431. Let t be f(73). Calculate the highest common factor of t and 78.
39
Suppose 0 = 17282*m - 17302*m + 2420. Suppose -2*l + 4*k = -5*l + 58, -30 = -l + 4*k. What is the highest common factor of l and m?
11
Let s be ((-25)/(-2))/(-5)*2988/(-415)*4. Suppose 5*z + 28 = 308. What is the greatest common factor of z and s?
8
Suppose 2*j - 121 = -5*u, 0 = 4*u + 3*j - 157 + 49. What is the greatest common divisor of u and 6594?
21
Let t be 1 - (-285)/3 - -1. Suppose -t + 21 = -4*l. Let k be 9 + l - -1*2. What is the greatest common factor of 270 and k?
30
Suppose -39*j + 681 = -1815. Calculate the greatest common divisor of j and 70.
2
Let d(p) = -153*p + 32. Let k be d(0). Let m(j) = 18*j**2 + j + 2. Let s be m(-2). What is the greatest common divisor of k and s?
8
Let f = 334 - 338. Let t be 464/24*(-6)/f*1. Calculate the greatest common factor of 29 and t.
29
Suppose 5*m + 5*x = 56560, m + 36*x = 34*x + 11311. Calculate the greatest common factor of m and 27.
27
Let t be 1*-1 - (-450)/15. Suppose 3*s - t = -5. Let f(d) = -25*d + 360. Let p be f(14). Calculate the greatest common factor of p and s.
2
Let l(n) = -n**2 + 13*n + 9. Let v be l(14). Let h(b) = -b**2 - 8*b + 8. Let m be h(v). Let k = -166 - -189. What is the greatest common factor of k and m?
23
Let k(h) = -464*h - 2490. Let b be k(-24). What is the greatest common divisor of 66 and b?
66
Let n be (12/(-9))/((-4)/(-12)). Let v(k) = -42*k - 78. Let i be v(n). Calculate the greatest common divisor of i and 10.
10
Let m be 5/(-2)*(-72)/(-30). Let g be -1*(2/m)/((-9)/(-27)). Let w be -2 + -2 - (g - 255*1). What is the greatest common divisor of 100 and w?
50
Suppose 0 = -22*t + 2452 + 1112. Let n = 178 - t. Calculate the highest common divisor of 18 and n.
2
Suppose -349*s + 352*s - 3134 = -2*p, -4*s + 6272 = 4*p. What is the greatest common divisor of p and 20?
10
Let u(n) = -10*n**2 + 29*n + 6. Let d be u(3). Suppose 0 = -d*w + 271 + 68. Calculate the greatest common factor of 1469 and w.
113
Suppose 8453 - 191008 = -127*w + 221178. What is the greatest common divisor of w and 11?
11
Let v(c) be the first derivative of 57*c**2 + 9*c - 8. Let p be v(3). What is the highest common factor of 27 and p?
27
Suppose -5*j = -2*q - 86, 4616*j + 4*q = 4619*j - 60. Calculate the greatest common factor of j and 196.
4
Let u be ((12/(-10))/2)/(1/(-5)). Suppose -5*g - 4*i = -48, -5*i - 51 = -u*g - 0*g. Calculate the highest common divisor of 12 and g.
12
Let t(x) = 19*x**2 + 48*x + 47. Suppose -6*q + 116 = 122. Let r be t(q). What is the highest common divisor of 99 and r?
9
Let x = 222 - 220. Suppose -x*p + 4*v + 34 = 2*v, 2*v = 4*p - 60. What is the highest common divisor of p and 1?
1
Suppose -21*s + 1566 = -22*s + 10*s. Calculate the greatest common divisor of s and 20.
2
Let r = -13 - -23. Let j = 2169 + -2059. Calculate the highest common divisor of r and j.
10
Let b be (-6 + 3)*(-2 + 0). Suppose -10*m + 300 = -b*m. Suppose -4*x = -4*f + 88 - 8, m = 4*f - 5*x. What is the greatest common factor of f and 5?
5
Suppose 11*z - 12*z + 5*j + 24346 = 0, -4*z = -j - 97498. Calculate the greatest common factor of z and 88.
88
Suppose -14*g = 28*g - 1917 - 225. Calculate the highest common factor of 1309 and g.
17
Suppose -a = 4*a + 20. Let d be (3*2)/((-2)/a). Let g = -1877 + 1889. What is the greatest common factor of d and g?
12
Suppose 3 = 2*s + 11. Let m(t) = t**3 + 7*t**2 + 9*t. Let a be m(s). Suppose -1056 = -53*u + 45*u. Calculate the greatest common factor of a and u.
12
Let n be (-1 - -151) + (0/(-48 + 21))/(-25). Suppose 3*m - 24 = -x, -3*m = 2*x - 42 + 3. What is the greatest common divisor of x and n?
15
Suppose -4*v = -u + 3419, -10*u - 2*v = -6*u - 13766. Calculate the highest common factor of 19 and u.
19
Let s be -4 + 9 + -13 + 11. What is the greatest common factor of s and 1227?
3
Let o(h) = -23*h + 2. Let q be o(-2). Suppose -3*b - 4 = -2*b. Let n be 3*1 + (-116)/b. Calculate the highest common divisor of q and n.
16
Let w be ((-10)/(-6))/((-2)/(-42)). Let f = -13 + w. Let y = f + -6. What is the highest common factor of y and 16?
16
Suppose -i + 7 = 3. Suppose -8*j = -i*j - 148. Let x(w) = 258*w**3 + 3*w**2 - 9*w + 7. Let h be x(1). Calculate the greatest common divisor of h and j.
37
Let b = 600 + -436. What is the highest common divisor of b and 41?
41
Suppose -1559*l = -1546*l - 25792. Calculate the greatest common divisor of l and 64.
64
Let n = 132555 + -87339. What is the highest common factor of n and 16?
16
Suppo